{"id":46,"date":"2021-04-27T14:44:57","date_gmt":"2021-04-27T14:44:57","guid":{"rendered":"https:\/\/ilei.esperantujo.io\/simpozio2021\/?page_id=46"},"modified":"2021-07-20T13:37:30","modified_gmt":"2021-07-20T13:37:30","slug":"programo","status":"publish","type":"page","link":"https:\/\/ilei.esperantujo.io\/simpozio2021\/programo\/","title":{"rendered":"Programo"},"content":{"rendered":"\n<h2><strong>\u0134a\u016dde 12-an de a\u016dgusto<\/strong><\/h2>\n\n\n\n<h3><strong>SIMPOZIO : <\/strong>UTC 09<\/h3>\n\n\n\n<p>09:00 Malfermo kaj salutvortoj<\/p>\n\n\n\n<p>09:20 <strong><em>Komunikado en multlingvaj edukmedioj \u2013 problemoj kaj solvoj<\/em><\/strong><\/p>\n\n\n\n<p> \u0108efpreleganto: Charles Ligan, diskutanto: Giridhar Rao<\/p>\n\n\n\n<p>10:00 Interkolega diskuto pri:<\/p>\n\n\n\n<p><em>Esperanto kaj supera edukado en multlingvaj medioj <\/em>\u00a0<\/p>\n\n\n\n<p>10:30 <strong><em>Esperanto en supera edukado \u2013 mitoj kaj faktoj<\/em><\/strong><\/p>\n\n\n\n<p>\u0108efpreleganto: Ilona Koutny, diskutanto: Adel Rafii<\/p>\n\n\n\n<p>11:10 GONG Xiaofeng &#8211; Arko:<\/p>\n\n\n\n<p><em>Konciza Enkonduko al la Disvolvi\u011do de Esperanto-Instrua Movado en \u0108inaj Universitatoj<\/em><em><\/em><\/p>\n\n\n\n<p>11:50 Alessandra Madela, Daniele Binaghi, Enrico Borrellol:<\/p>\n\n\n\n<p><em>La sperto koletki, resumi kaj disponigi interrete la italajn diplomlabora\u0135ojn kaj disertaciojn pri Esperanto<\/em><em><\/em><\/p>\n\n\n\n<p>12:30 Manuela Burghelea, Albert Stalin Garrido, Lucas Teyssier:<\/p>\n\n\n\n<p><em>Studentaj spertoj kaj perspektivoj pri Esperanta universitata agado<\/em><em><\/em><\/p>\n\n\n\n<p>13:10 Davide Astori:<\/p>\n\n\n\n<p><em>Instrui Esperanton en la Universitato de Parmo<\/em><em><\/em><\/p>\n\n\n\n<p>13:50 Interkolega diskuto pri: <em>Esperanto kaj interlingvistiko en supera edukado<\/em><\/p>\n\n\n\n<p><\/p>\n\n\n\n<hr class=\"wp-block-separator\"\/>\n\n\n\n<h2><strong>Vendrede 13-an de a\u016dgusto<\/strong><\/h2>\n\n\n\n<h3><strong>SIMPOZIO<\/strong> : UTC 12<\/h3>\n\n\n\n<p>12:00 <strong><em>Utiloj kaj defioj de ne\u0109eesta lernado kaj instruado<\/em><\/strong><\/p>\n\n\n\n<p>\u0108efpreleganto: Manuel Pancorbo, diskutanto Maria Josele Bucco Coelho<\/p>\n\n\n\n<p>12:40 Renato Corsetti: <em>Spertoj el perreta kurso de Esperanto<\/em><\/p>\n\n\n\n<p>13:20 <strong>Survoje al virtuala Esperanto-universitato \u2013 inter revo kaj realo<\/strong><\/p>\n\n\n\n<p>\u0108efpreleganto: Vicente Manzano-Arrondo, diskutanto: Elis\u00e9e Byelongo Isheloke<\/p>\n\n\n\n<p>14:00 Angela Tellier: <em>Enketo pri graveco de Esperanto en universitatoj<\/em><\/p>\n\n\n\n<p>14:20 Konkluda diskuto: <em>Perspektivoj kaj plupa\u015doj de internacia reta E-universitato<\/em><\/p>\n","protected":false},"excerpt":{"rendered":"<p>\u0134a\u016dde 12-an de a\u016dgusto SIMPOZIO : UTC 09 09:00 Malfermo kaj salutvortoj 09:20 Komunikado en multlingvaj edukmedioj \u2013 problemoj kaj&hellip; <\/p>\n","protected":false},"author":1,"featured_media":0,"parent":0,"menu_order":0,"comment_status":"closed","ping_status":"closed","template":"","meta":{"_bbp_topic_count":0,"_bbp_reply_count":0,"_bbp_total_topic_count":0,"_bbp_total_reply_count":0,"_bbp_voice_count":0,"_bbp_anonymous_reply_count":0,"_bbp_topic_count_hidden":0,"_bbp_reply_count_hidden":0,"_bbp_forum_subforum_count":0},"_links":{"self":[{"href":"https:\/\/ilei.esperantujo.io\/simpozio2021\/wp-json\/wp\/v2\/pages\/46"}],"collection":[{"href":"https:\/\/ilei.esperantujo.io\/simpozio2021\/wp-json\/wp\/v2\/pages"}],"about":[{"href":"https:\/\/ilei.esperantujo.io\/simpozio2021\/wp-json\/wp\/v2\/types\/page"}],"author":[{"embeddable":true,"href":"https:\/\/ilei.esperantujo.io\/simpozio2021\/wp-json\/wp\/v2\/users\/1"}],"replies":[{"embeddable":true,"href":"https:\/\/ilei.esperantujo.io\/simpozio2021\/wp-json\/wp\/v2\/comments?post=46"}],"version-history":[{"count":7,"href":"https:\/\/ilei.esperantujo.io\/simpozio2021\/wp-json\/wp\/v2\/pages\/46\/revisions"}],"predecessor-version":[{"id":490,"href":"https:\/\/ilei.esperantujo.io\/simpozio2021\/wp-json\/wp\/v2\/pages\/46\/revisions\/490"}],"wp:attachment":[{"href":"https:\/\/ilei.esperantujo.io\/simpozio2021\/wp-json\/wp\/v2\/media?parent=46"}],"curies":[{"name":"wp","href":"https:\/\/api.w.org\/{rel}","templated":true}]}}

<h2><strong>Ĵaŭde 12-an de aŭgusto</strong></h2>



<h3><strong>SIMPOZIO : </strong>UTC 09</h3>



<p>09:00 Malfermo kaj salutvortoj</p>



<p>09:20 <strong><em>Komunikado en multlingvaj edukmedioj – problemoj kaj solvoj</em></strong></p>



<p> Ĉefpreleganto: Charles Ligan, diskutanto: Giridhar Rao</p>



<p>10:00 Interkolega diskuto pri:</p>



<p><em>Esperanto kaj supera edukado en multlingvaj medioj </em> </p>



<p>10:30 <strong><em>Esperanto en supera edukado – mitoj kaj faktoj</em></strong></p>



<p>Ĉefpreleganto: Ilona Koutny, diskutanto: Adel Rafii</p>



<p>11:10 GONG Xiaofeng &#8211; Arko:</p>



<p><em>Konciza Enkonduko al la Disvolviĝo de Esperanto-Instrua Movado en Ĉinaj Universitatoj</em><em></em></p>



<p>11:50 Alessandra Madela, Daniele Binaghi, Enrico Borrellol:</p>



<p><em>La sperto koletki, resumi kaj disponigi interrete la italajn diplomlaboraĵojn kaj disertaciojn pri Esperanto</em><em></em></p>



<p>12:30 Manuela Burghelea, Albert Stalin Garrido, Lucas Teyssier:</p>



<p><em>Studentaj spertoj kaj perspektivoj pri Esperanta universitata agado</em><em></em></p>



<p>13:10 Davide Astori:</p>



<p><em>Instrui Esperanton en la Universitato de Parmo</em><em></em></p>



<p>13:50 Interkolega diskuto pri: <em>Esperanto kaj interlingvistiko en supera edukado</em></p>



<p></p>



<hr class="wp-block-separator"/>



<h2><strong>Vendrede 13-an de aŭgusto</strong></h2>



<h3><strong>SIMPOZIO</strong> : UTC 12</h3>



<p>12:00 <strong><em>Utiloj kaj defioj de neĉeesta lernado kaj instruado</em></strong></p>



<p>Ĉefpreleganto: Manuel Pancorbo, diskutanto Maria Josele Bucco Coelho</p>



<p>12:40 Renato Corsetti: <em>Spertoj el perreta kurso de Esperanto</em></p>



<p>13:20 <strong>Survoje al virtuala Esperanto-universitato – inter revo kaj realo</strong></p>



<p>Ĉefpreleganto: Vicente Manzano-Arrondo, diskutanto: Elisée Byelongo Isheloke</p>



<p>14:00 Angela Tellier: <em>Enketo pri graveco de Esperanto en universitatoj</em></p>



<p>14:20 Konkluda diskuto: <em>Perspektivoj kaj plupaŝoj de internacia reta E-universitato</em></p>

<p>Ĵaŭde 12-an de aŭgusto SIMPOZIO : UTC 09 09:00 Malfermo kaj salutvortoj 09:20 Komunikado en multlingvaj edukmedioj – problemoj kaj&hellip; </p>
