{"id":66,"date":"2021-04-27T16:10:32","date_gmt":"2021-04-27T16:10:32","guid":{"rendered":"https:\/\/ilei.esperantujo.io\/simpozio2021\/?page_id=66"},"modified":"2021-04-27T16:21:44","modified_gmt":"2021-04-27T16:21:44","slug":"laborlingvoj","status":"publish","type":"page","link":"https:\/\/ilei.esperantujo.io\/simpozio2021\/laborlingvoj\/","title":{"rendered":"Laborlingvoj"},"content":{"rendered":"\n<p>Esperanto kaj la angla plus eventule etnaj lingvoj de prelegantoj (decidote) . La prelegoj en Esperanto estos tujsekve interpretataj angle, kaj inverse. Se ni decidos, ke prelegantoj povu prelegi en sia etna lingvo, tiam dum la bu\u015da prelego devus iri surekrane prelegteksto en Esperanto a\u016d la angla kun tujsekva bu\u015da interpretado anglen a\u016d Esperanten respektive.<\/p>\n","protected":false},"excerpt":{"rendered":"<p>Esperanto kaj la angla plus eventule etnaj lingvoj de prelegantoj (decidote) . La prelegoj en Esperanto estos tujsekve interpretataj angle,&hellip; <\/p>\n","protected":false},"author":1,"featured_media":0,"parent":0,"menu_order":0,"comment_status":"closed","ping_status":"closed","template":"","meta":{"_bbp_topic_count":0,"_bbp_reply_count":0,"_bbp_total_topic_count":0,"_bbp_total_reply_count":0,"_bbp_voice_count":0,"_bbp_anonymous_reply_count":0,"_bbp_topic_count_hidden":0,"_bbp_reply_count_hidden":0,"_bbp_forum_subforum_count":0},"_links":{"self":[{"href":"https:\/\/ilei.esperantujo.io\/simpozio2021\/wp-json\/wp\/v2\/pages\/66"}],"collection":[{"href":"https:\/\/ilei.esperantujo.io\/simpozio2021\/wp-json\/wp\/v2\/pages"}],"about":[{"href":"https:\/\/ilei.esperantujo.io\/simpozio2021\/wp-json\/wp\/v2\/types\/page"}],"author":[{"embeddable":true,"href":"https:\/\/ilei.esperantujo.io\/simpozio2021\/wp-json\/wp\/v2\/users\/1"}],"replies":[{"embeddable":true,"href":"https:\/\/ilei.esperantujo.io\/simpozio2021\/wp-json\/wp\/v2\/comments?post=66"}],"version-history":[{"count":4,"href":"https:\/\/ilei.esperantujo.io\/simpozio2021\/wp-json\/wp\/v2\/pages\/66\/revisions"}],"predecessor-version":[{"id":75,"href":"https:\/\/ilei.esperantujo.io\/simpozio2021\/wp-json\/wp\/v2\/pages\/66\/revisions\/75"}],"wp:attachment":[{"href":"https:\/\/ilei.esperantujo.io\/simpozio2021\/wp-json\/wp\/v2\/media?parent=66"}],"curies":[{"name":"wp","href":"https:\/\/api.w.org\/{rel}","templated":true}]}}

<p>Esperanto kaj la angla plus eventule etnaj lingvoj de prelegantoj (decidote) . La prelegoj en Esperanto estos tujsekve interpretataj angle, kaj inverse. Se ni decidos, ke prelegantoj povu prelegi en sia etna lingvo, tiam dum la buŝa prelego devus iri surekrane prelegteksto en Esperanto aŭ la angla kun tujsekva buŝa interpretado anglen aŭ Esperanten respektive.</p>
